ded by 21.
18
Suppose -123 = -5*z + 3*x, 2*x = -1 - 1. Suppose -a + 4*o = 3, 3*a = -4*o + o + 66. Suppose a*f = 25*f - 552. Calculate the remainder when f is divided by z.
21
Let n = 78 + 32. Let q = 119 - n. Let m(y) = -y**3 + 11*y**2 - 11*y - 13. Calculate the remainder when m(q) is divided by 26.
24
Let s = -169 + 225. Suppose -4*n + 5*d = 8, 2*n - 4*d = -2*n - 4. Suppose 0 = -5*u - p + 76, n*p = -u + 5 - 1. What is the remainder when s is divided by u?
8
Suppose -5 = -5*b - 4*v, 0 = -3*b + 6*v - 4*v + 25. Suppose 13 = -b*l + 18. Suppose 7*y - 4 = 5*y. What is the remainder when y is divided by l?
0
Let x be 68409/66 + (6/(-4))/3. Suppose 17*y - 222 = x. What is the remainder when y is divided by 46?
28
Let t = -4 + 34. Suppose -172109*b + 23 + 34 = -172106*b. What is the remainder when t is divided by b?
11
Let h(x) be the third derivative of -x**4/24 + 2*x**3/3 + 23*x**2. Calculate the remainder when 37 is divided by h(-11).
7
Let u(s) = -s + s + 3*s**3 - 2*s - 4*s**3 + 10*s**2 + 13. Let o be u(10). What is the remainder when 105/(-30)*19/o*4 is divided by 13?
12
Suppose 0 = 4*x - 3*x + 3*k + 6, -3*x = -3*k - 6. Let v = 7 + 16. Calculate the remainder when 132/42*(14 + x) is divided by v.
21
Let n = 5 - -13. Suppose w + 4*k = -43, 2*w - k = w - n. Let y = w + 130. What is the remainder when y is divided by 31?
14
Suppose 0 = 11*m - 8*m - j - 54, 0 = 4*m + 4*j - 56. Let k = m + -10. What is the remainder when 34 is divided by k?
6
Let c(m) = 9*m**2 + 8*m**2 + m - 2*m**2 + 5*m**2. Let w(g) = g**2 - 3*g - 16. What is the remainder when c(1) is divided by w(7)?
9
Suppose -99 = 96*g - 97*g. Let l(m) = -7*m - 3. Let r(a) = 3*a + 1. Let w(b) = -6*l(b) - 13*r(b). What is the remainder when g is divided by w(5)?
19
Suppose 6*r + 191 = 527. What is the remainder when r is divided by (22 - 4)/2 - -1?
6
What is the remainder when 989 is divided by ((-248)/3)/(-30 - (-1496)/51)?
121
Let g(i) = i**2 - 46*i - 641. Calculate the remainder when 1734 is divided by g(63).
14
Calculate the remainder when (-774)/(-12)*(-72)/(-27) is divided by 78.
16
Let y(n) = n**3 + 6*n**2 - 5*n - 2. Let c be y(-7). Let i = c - -166. What is the remainder when i is divided by 9?
6
Suppose 3*m - 50 = -n - 0*n, m - 42 = -n. Suppose -352*z + 357*z = 2*k - 480, -4*k + z + 1050 = 0. Calculate the remainder when k is divided by n.
37
Suppose -2*c = 1 - 5. Suppose -99 - 56 = 5*u - 3*w, c*w = 10. Let a = 36 + u. Calculate the remainder when 23 is divided by a.
7
Suppose 6*d - 2747 = 3*d - 5*u, 4*u = -5*d + 4600. Suppose 0 = 4*j - 29 - 39. Calculate the remainder when (20/(-14))/((-22)/d) is divided by j.
9
Let i be 260/3 + 6/9*-1. Let w = i - 114. What is the remainder when 37 is divided by (-8)/w - (-262)/14?
18
Suppose 20*n = 22*n - 84. Let m = 75 - n. Let f = 667 - 505. Calculate the remainder when f is divided by m.
30
Let o(v) = 2*v**3 - 3*v**2 - 6*v - 1. Let q = -54 - -58. Suppose 0 = -0*j + 4*j + 2*x - 60, 4*x = 2*j - 20. What is the remainder when o(q) is divided by j?
13
Let r = -443 - 2416. What is the remainder when r/(-18) + 28/168 is divided by 18?
15
Suppose 108 = 2*d + y, -71*d + 67*d + 214 = y. Calculate the remainder when 255 is divided by d.
43
Let q(w) = 2*w**2 - 9*w - 8. Let k be q(-1). Suppose -4*j + 29 + 20 = b, k*j = 4*b - 101. What is the remainder when 108 is divided by b?
21
Suppose 40*v + 32*v - 1029 = 65*v. What is the remainder when 594 is divided by v?
6
Suppose -48*a + 45*a - 15 = 0. Calculate the remainder when (70 - a) + 8 + -11 is divided by 19.
15
Let x = -6394 + 6605. Calculate the remainder when 877 is divided by x.
33
Let b = 200 + 198. Calculate the remainder when b is divided by 97.
10
Let k = -272 + 278. Suppose -l - 5*q + k = 0, 3*l - 2*q = 10 + 42. Calculate the remainder when 29 is divided by l.
13
Suppose 4*z - 6 - 2 = 0. Suppose -x = -3*x - 4*h + 34, -z*h - 85 = -5*x. What is the remainder when 79 is divided by x?
11
Suppose 7*p = 222 - 75. Suppose 4*a + 2*u = 326, -4*u - 308 = -7*a + 3*a. What is the remainder when a is divided by p?
17
Suppose -3*u + 12 = -3*s, -2*u - 2*s - 77 = -97. What is the remainder when 132 is divided by u?
6
Let y = 107 - 35. Suppose 4*l + j = y + 377, -4*j - 125 = -l. Calculate the remainder when l is divided by 38.
37
Suppose 90*c = 107*c - 1717. Calculate the remainder when 6160 is divided by c.
100
Let w = 4493 + -4485. Calculate the remainder when 37 is divided by w.
5
Let k = -315 - -318. Suppose k*j + 420 = 453. What is the remainder when 42 is divided by j?
9
Let z = -218 - -218. Suppose v - 5 = -4*r, z = -2*r + 7*r - 2*v - 3. What is the remainder when 7 is divided by r?
0
Suppose 235*y + 75 = 237*y - q, -4*q = -4*y + 144. What is the remainder when 434 is divided by y?
5
Suppose -x + 6*x - 1175 = -5*u, -u = 3*x - 697. Suppose -3*r + x = 228. Calculate the remainder when 6 is divided by r.
0
Let j = 273 - 263. Suppose -506 = -j*f - f. What is the remainder when 91 is divided by f?
45
Let x(p) = p**3 - 4*p**2 - p + 8. Let m be x(4). Suppose 0*o = m*o - 740. Let q = -890 + 937. What is the remainder when o is divided by q?
44
Let d(r) = -7*r - 27. Let u be d(18). Let a be 2/((-3)/(u/6)). Suppose 0 = 2*l + 3 - a. Calculate the remainder when 12 is divided by l.
5
Suppose 2*f + 349 - 1429 = 0. Suppose 3*z + 2*p = -p + f, -174 = -z - 4*p. What is the remainder when z is divided by 57?
11
Let j = -17 - -21. Suppose 3*g = -g - 16, j*x + g = 652. Calculate the remainder when x is divided by 31.
9
Let g = 34 - 26. Suppose -2*n + 2 = p - 6, -5*p = 2*n - g. Suppose n*w = 5*f + 79, -2 = 3*f - 5. Calculate the remainder when 40 is divided by w.
19
Let l(w) = w**3 - 20*w**2 + 64*w + 31. Suppose 7*d - 4*d + 83 = 5*t, 4*d = -5*t + 76. Calculate the remainder when 245 is divided by l(t).
28
Suppose 16*k + 4*f - 337 = 13*k, -2*k + 5*f + 217 = 0. What is the remainder when k is divided by 57?
54
Let x(b) = 365*b - 322. What is the remainder when 294 is divided by x(1)?
36
Suppose -2*m - 568 = -4*m - 4*o, 0 = -4*m - 5*o + 1139. Calculate the remainder when m is divided by 36.
34
Let y = 2171 + -1551. Suppose y = 4*p + 4*r, 4*p + 5*r - 361 - 264 = 0. Calculate the remainder when p is divided by 26.
20
Let x(p) = -p**3 + 2*p**2 + 3*p + 2. Let o be x(-1). Suppose -23 = o*y - 5*c, -2*y - 5 = -0*y + c. Calculate the remainder when 97 is divided by 10/y*(-32)/4.
17
Let q = -37 + 37. Suppose -5*t - 2*n + 589 = q, 1 + 9 = 5*n. What is the remainder when t is divided by 61?
56
Suppose -9 = -j + 3. Suppose 21 = 8*x - 3. Suppose x*l = -2*o + 41 + 10, 4*o + 4*l = 92. Calculate the remainder when o is divided by j.
6
Suppose 8 = 18*b - 19*b. Let q(j) = -19*j + 16. Let c be q(b). Suppose 5*n - 5*h = 195, 4*n - h - c = -3*h. Calculate the remainder when 162 is divided by n.
39
Suppose 4*b - 51 = -47. Let z be (-23)/(b*(2/(-18))/(-1)). What is the remainder when 139 is divided by z/(-6) + (6/(-4) - -2)?
34
Let s(i) = 6*i**3 - 3*i**2 + i - 2. Suppose 3*w = 4*a - 264, 7*w - 2*w = 20. Calculate the remainder when a is divided by s(2).
33
Let r = -10 + 13. Suppose 0 = w - r. Suppose -w*s = -5*s + 16. Calculate the remainder when 44 is divided by s.
4
Let j be 0 + 48/22 + (-28)/154. What is the remainder when j + 1*46/(-4)*-2 is divided by 6?
1
Let c = -12 - -15. Let j = 3 - c. Suppose j = 4*f + 4*y - 44, -4*f + 4*y + 14 = -22. Calculate the remainder when 48 is divided by f.
8
Let j = 1028 - 732. Suppose -j = 17*s - 4682. Calculate the remainder when s is divided by 26.
24
Let t(w) = -w**3 - 43*w**2 - 85*w - 91. What is the remainder when (12 - 1)/(2/10) is divided by t(-41)?
23
What is the remainder when (-884)/(-18) - (-620)/(-558) is divided by 13?
9
Let u = -15947 - -16449. What is the remainder when u is divided by 18?
16
Suppose 0 = -9*s + 72. Suppose s = -5*t + 193. What is the remainder when t is divided by 6?
1
Suppose o - 5*f = 8 + 3, -3*o + 3*f + 69 = 0. Let i = -386 + -61. Let y = i + 461. What is the remainder when o is divided by y?
12
Let v = -6679 - -6721. What is the remainder when 542 is divided by v?
38
Let p(z) = 671*z**2 - 508*z - 508. Calculate the remainder when p(-1) is divided by 145.
91
Let l = -312 + 306. Let s(y) = -16*y - 69. Calculate the remainder when 430 is divided by s(l).
25
Let h(o) = o**2 - 6*o + 10